 Suppose -p - 44 = -3*i. List the prime factors of i/1*(-6 - -7).
29
Let w(s) = -21*s + 191. List the prime factors of w(3).
2
Suppose -31*j + 40012 = 5943. List the prime factors of j.
7, 157
Let o = -2337 + 3463. What are the prime factors of o?
2, 563
Let r be ((-392)/4)/(0/1 - 2). Let i = r + 76. What are the prime factors of i?
5
Suppose 2*l = l + 2*f + 2, l = 3*f + 6. List the prime factors of 9/l + 205/2.
101
Let i = -1900 - -3094. List the prime factors of i.
2, 3, 199
Let q(w) = 15 - 4*w + 3*w**2 - w**2 - w**2 + 2*w. What are the prime factors of q(8)?
3, 7
Let p be 4/7 - (-504)/147. Suppose -p*x + 261 = 5*x. What are the prime factors of x?
29
Let a = 1827 - 1581. List the prime factors of a.
2, 3, 41
Suppose 10 = -0*c + 2*c. Let w(h) = 14*h - 11. What are the prime factors of w(c)?
59
Suppose -47 = 3*a - 2*c, 4*a = 2*a + 2*c - 34. Let j(u) = u**2 - 2*u - 8. List the prime factors of j(a).
11, 17
Suppose 252*b = 266*b - 35322. List the prime factors of b.
3, 29
Suppose 3*w = o - 88, -3*o - 306 = -6*o - 5*w. List the prime factors of o.
97
Suppose 3*v + 437 = 2*n - 0*v, 3*n = -v + 650. Suppose 5*s - 757 = -3*u, -s + 34 = u - n. What are the prime factors of u?
3, 83
Let g(m) = -m**2 - 11*m - 27. Let k be g(-7). Let j(b) = 179*b**3 + 3*b**2 - 2*b + 1. List the prime factors of j(k).
181
Let i(p) = 4*p + p**2 + p**3 - 3*p**2 + 5 - 2*p**3. Let m(w) = -w - 7. Let f be m(-3). What are the prime factors of i(f)?
3, 7
Let l(v) = -29*v**3 - v**2 - 4*v + 3. Let h be l(2). List the prime factors of -6*3/(-36)*(-1 - h).
2, 3, 5
Suppose -2*t - 4*d = -48, 0*d = t + d - 28. Let x = t - -79. What are the prime factors of x?
3, 37
Let t = -23 + 26. Suppose 6*x - 280 = t*x + 2*i, -3*i = x - 108. List the prime factors of x.
2, 3
Let u be ((-45)/10)/(5/(1140/9)). Let r = -60 - u. What are the prime factors of r?
2, 3
Suppose -6 + 24 = 3*j. Suppose j*w - 380 = w. What are the prime factors of w?
2, 19
Suppose 0 = -j - j - 14. Let s = 12 + j. Suppose -s*n + 233 = p + 26, 4*n - p - 171 = 0. List the prime factors of n.
2, 3, 7
What are the prime factors of 13 - (-6 + 75211)/(-13)?
2, 13, 223
Let o(c) = -4*c**2 + 2. Let z be o(-6). Let a = -55 - z. List the prime factors of a.
3, 29
Let w = 8 - 10. Let k be w/(6/75) - 1. What are the prime factors of k/(-1) + (-8)/4?
2, 3
Suppose -r - 526 = h, -2*r + 0*r - 2645 = 5*h. Let t = 1758 - h. List the prime factors of (-4)/26 - t/(-91).
5
Let l(t) = t**2 + 4*t. Let a be l(3). Let q = 23 - a. Suppose w + 23 = q*w. List the prime factors of w.
23
Let x(j) = -j - 1. Let h be x(-19). Let o(c) = -2*c + 38. List the prime factors of o(h).
2
Let c(z) be the second derivative of 11*z**3/6 - 11*z**2 + 10*z. What are the prime factors of c(12)?
2, 5, 11
Let a be (-10)/15*(-6)/1. Suppose -6 = -a*d + 2. Suppose -d*c + 0*c = -60. What are the prime factors of c?
2, 3, 5
Let u be -1 + (5 - (5 - 3)). Suppose 2*d - 5*c - 64 = -0*d, -u*c = -8. List the prime factors of d.
2, 3, 7
Let g(y) be the first derivative of y**4/4 + 5*y**3/3 + 2*y**2 - 2*y - 12. Let j be g(-3). Suppose -75 = -j*r + 37. List the prime factors of r.
2, 7
Suppose -56*m + 454 = -55*m. List the prime factors of m.
2, 227
Let j = -3 - -22. Let n be 0 + 1 + j - 1. Let v = 38 - n. What are the prime factors of v?
19
Let t be 162/16 - 3/24. List the prime factors of (285/t)/(12/16).
2, 19
Let w be 1/(-8) - 81/(-72). Let k(l) = 15*l - 1. List the prime factors of k(w).
2, 7
Suppose 531 = 4*z + 1707. What are the prime factors of ((-2)/12*2)/(1/z)?
2, 7
Let c(v) = -v**2 + 8*v - 9. Let d be c(5). Let s(k) = 2*k**2 - 9*k + 3. Let x be s(d). Let i = x + -13. What are the prime factors of i?
2
Let g = 347 + -490. Let q = g + 224. What are the prime factors of q?
3
Let p(d) be the first derivative of d**4/4 + 2*d**3 - 5*d**2/2 - 3*d - 7. What are the prime factors of p(-4)?
7
Let z be ((-2)/(-3)*-93)/2. Let k = -24 - z. What are the prime factors of k?
7
Let t(j) = -6*j - 7. Let x be t(4). Let p = 79 + x. List the prime factors of (p/(-32))/(6/(-40)).
2, 5
Let t(a) = -55*a + 8. List the prime factors of t(-8).
2, 7
Let u(h) = -34*h - 2. Let m be u(-1). Let q = -32 + m. Suppose -5*g = q, -d + 2*d - 73 = 4*g. List the prime factors of d.
73
List the prime factors of (-42)/(-4)*(-2324)/(-6).
7, 83
What are the prime factors of (162/108)/(-2 - 4886/(-2440))?
2, 5, 61
Let b(s) = -5*s**3 - 5*s**2 - 5*s. List the prime factors of b(-4).
2, 5, 13
Suppose -2*n + 7*l + 4882 = 0, 15*n + l = 17*n - 4906. List the prime factors of n.
5, 491
Suppose -3*g = -9*g + 1134. List the prime factors of g.
3, 7
Let p be (36/8)/3*2. Suppose p = a + 1. List the prime factors of (a - -14)/(1/2).
2
Suppose -2*w + 3 = g, -4*w - 14 = -3*g + g. Suppose 3*f - 120 = 4*i, -g*f + 164 = -f - 4*i. What are the prime factors of f?
2, 11
What are the prime factors of 1/(5 + (-13993)/2800)?
2, 5
What are the prime factors of ((-3100)/(-6))/((-44)/(-66))?
5, 31
Let a(f) = f**2 - 5*f + 5. Let x(j) = 11 - 27 + j**2 + 12. Let i be x(3). What are the prime factors of a(i)?
5
Let m(v) = -418*v - 24. List the prime factors of m(-4).
2, 103
Suppose -2*r = 2*z - 568 - 464, -2*r - 6 = 0. Suppose 5*k = j + z, k + 0*j - 2*j - 111 = 0. What are the prime factors of k?
103
Suppose 0 = 2*j + 3*j - 2*w - 1789, -5*j - 5*w = -1810. What are the prime factors of j?
359
Let h(v) = 34*v - 141. What are the prime factors of h(30)?
3, 293
Let c = 12 - 10. Suppose -4*w = 3*s - 149, -43 - 28 = -c*s + 3*w. What are the prime factors of s?
43
Let r = -161 - -435. What are the prime factors of r?
2, 137
Suppose 4*f = 5*t + 661 - 1718, -3*f = -2*t + 427. What are the prime factors of t?
11, 19
Let j be (21 - 20)/(2/14). Let y be -2 + 0 - (-3 + -11). Let b = y + j. List the prime factors of b.
19
Let a(s) = -s**2 - 12*s + 1. Suppose 0*w + 2*w = 20. Let b be (-18 + -2)*4/w. What are the prime factors of a(b)?
3, 11
Suppose 2*g - c - 3 = 33, -c = -5*g + 93. Suppose -7 = -2*w - 19. Let h = w + g. What are the prime factors of h?
13
Suppose -1574 = -10*d + 746. List the prime factors of d.
2, 29
List the prime factors of 18/(-24)*850*32/(-12).
2, 5, 17
Suppose 5*p - 2*m = p + 4, 5*m = 2*p + 14. Suppose 3*d = -4*x + 2 - 7, -p*d = -3*x + 12. What are the prime factors of x + (3 - 0) - -1?
5
Let j(m) = 6*m**3 + 6*m**2 - 9*m + 1. What are the prime factors of j(4)?
5, 89
Suppose 4*t = -526 + 3374. List the prime factors of t.
2, 89
List the prime factors of ((-430)/4)/((-1)/2).
5, 43
Suppose -g - 2*j = -2, 4*g = -4*j - 0 + 8. Suppose 0*o + 178 = g*o. What are the prime factors of o?
89
Suppose 5*i - 5*t - 74 = -9, -2*t + 4 = 0. Let b be 3/i + (-384)/(-5). Let h = -40 + b. List the prime factors of h.
37
Suppose 9898 = 12*f + 1810. What are the prime factors of f?
2, 337
Let n(u) = -23*u**3 - 4*u**2 - 5*u - 8. List the prime factors of n(-2).
2, 5, 17
Suppose 8*n - 3512 = -4*f + 9*n, -4*f = -5*n - 3496. What are the prime factors of f?
3, 293
Let h(m) = 50*m**2 + m + 2. Let g = 29 - 30. What are the prime factors of h(g)?
3, 17
Let s = 1206 + -723. List the prime factors of s.
3, 7, 23
Let p(n) = 20*n + 25. Let i(t) = -20*t - 15. Let k(l) = -10*l - 8. Let h(d) = 4*i(d) - 9*k(d). Let o(x) = -9*h(x) + 4*p(x). List the prime factors of o(-6).
2, 13
Suppose 4*j + 5*n = -8, -2*j + 4*n = j - 25. What are the prime factors of 9*(19 - (5 - j))?
3, 17
Let g(s) = s**3 - 5*s**2 + 4*s + 4. Let j be g(4). Suppose 0 = -l - 2, -4*r + j*l = -0*r + 60. Let d = 37 + r. What are the prime factors of d?
2, 5
Let f = -51 + 52. What are the prime factors of f/(5 + -1) + (-16415)/(-196)?
2, 3, 7
Let f = 1317 - -1885. List the prime factors of f.
2, 1601
Suppose -2*a - 2428 = -4*f, 2*f + 2*a + 2*a - 1234 = 0. List the prime factors of f.
3, 7, 29
Let x = 137 + -82. Suppose -58*s = -x*s - 669. List the prime factors of s.
223
Suppose -3 = -2*i + c - 0*c, -i = -5*c + 3. Let r(u) = -4*u + 3. Let n be r(i). What are the prime factors of ((-18)/n)/((-3)/(-15))?
2, 3
Let m(c) be the first derivative of c**2/2 + 17*c + 1. Let b be m(-14). Suppose -b*o - 7 = -43. What are the prime factors of o?
2, 3
Suppose -u - 3*u + 2*j - 670 = 0, -u - 172 = j. Let w = -17 - u. List the prime factors of w.
2, 19
Let j be 332/(4*-1)*-1. Suppose -2*p = p + 2*c - j, 3*c - 37 = -p. Suppose 5